ns digit of c?
0
Suppose 4*a - 2830 = 6*z - 3*z, a + 3*z = 715. What is the tens digit of a?
0
Let o = 466 + 280. What is the units digit of o?
6
Suppose -2*c = -2*l - 22, -77 - 18 = -5*c - 3*l. Let k = -13 + c. Suppose 0*r = -k*r + 33. What is the tens digit of r?
1
Let n(b) = 10*b - 1. Let u be n(1). Let m = u + -8. What is the units digit of m?
1
Let n(j) = 24*j + 266. What is the units digit of n(-6)?
2
Let g(v) be the first derivative of v**4/4 - 2*v**3 - 15*v**2/2 + 7*v + 4. Let u be g(8). Let i = 17 - u. What is the units digit of i?
2
What is the units digit of 5/((-30)/(-2232)) - -4*1?
6
Suppose k - 5*j = 1358, 4*k - 8*k - 4*j + 5384 = 0. What is the thousands digit of k?
1
Let i(o) = -9*o - 3 - 2 + 7*o. Let k be i(-5). Suppose k = -j + 8. What is the units digit of j?
3
Let h(l) = 14 - 5*l + 17*l - 4*l - 3*l. What is the units digit of h(7)?
9
What is the tens digit of (-530)/(-5) + (-3 - -3)?
0
Let i = -46 - -64. Let f = i + 4. What is the units digit of 5 + -1 - (1 - f)?
5
Let s(z) = -z**2 - 58*z - 420. What is the units digit of s(-34)?
6
Let n(h) = h**3 - 44*h**2 - 9*h - 229. What is the tens digit of n(46)?
8
What is the units digit of (-10446)/18*(-3)/1?
1
Suppose 0*w - 4 = -2*w. Let m be (-1 - (4 - 3)) + 10. Suppose w*u - 82 - m = 0. What is the units digit of u?
5
Suppose -4*m - 17*m + 22743 = 0. What is the units digit of m?
3
Let t(y) = -y - 8. Let i be t(-8). Suppose -6*d - 2*u = -3*d - 19, i = -d - 3*u - 3. Suppose d*a - 4*a = 75. What is the units digit of a?
5
Suppose 0 = -2*w + 3*j - 148, 3*j = -j. Let b = 142 + w. What is the units digit of b?
8
Suppose -y + 5*y - 4 = 2*m, 4*m = -4*y + 28. Suppose -m*d + 348 = 2*d. What is the units digit of d?
8
Suppose -4*m + m - 68 = 2*p, 5*m - 5*p + 80 = 0. What is the tens digit of (1 + 11)/((m/(-6))/10)?
3
Suppose 2*w - 6 = -t - 2, -4*t + 7 = -w. Suppose -2*u - 2*u = -3*p, 0 = u + t*p. Suppose 3*q + 99 = -u*n + 2*n, n - 4*q - 57 = 0. What is the tens digit of n?
4
Suppose 6*n + 3 = 7*n. Suppose y - o = n*o, 5*o - 42 = -4*y. Suppose y = 6*d - 5*d. What is the units digit of d?
8
Suppose -38 = -7*v + 32. Suppose 3*m + 4*y - 12 = m, v = -5*m - 2*y. What is the tens digit of m/((-20)/35)*7?
4
Let o = 1992 - 1359. What is the hundreds digit of o?
6
Suppose c = 2*w - 8 - 19, 3*c + 103 = -5*w. Let u = c + 67. What is the tens digit of u?
3
Suppose -d + 6*d = 0. Suppose d = u + u. Suppose -2*b + u*b = -16. What is the units digit of b?
8
Let i = 5 - 5. Suppose i = x + x - 18. Suppose f - c = c + x, c - 6 = -3*f. What is the units digit of f?
3
Let v = -1293 - -2546. What is the hundreds digit of v?
2
Let h = 9250 + -6476. What is the hundreds digit of h?
7
Suppose 12*f = -30*f + 28224. What is the hundreds digit of f?
6
Suppose -3*n + 279 = r - 280, 0 = 4*r + n - 2214. What is the tens digit of r?
5
Suppose 1600 + 2855 = 9*w. What is the tens digit of w?
9
Suppose 2*v + 2*v - 4352 = k, -5*v + 5440 = k. What is the units digit of v?
8
Let r(s) = 7*s + 9. Let u be (-35)/5*(-2 + 3). Let c(t) = 14*t + 18. Let m(b) = u*r(b) + 3*c(b). What is the tens digit of m(-5)?
2
Let s = -24 + 20. Let q(i) = -i**3 - 4*i**2 + i + 4. Let u be q(s). Suppose h + u = 1. What is the units digit of h?
1
Suppose 0 = 3*m - 1 - 380. What is the units digit of m?
7
Let f = -23 - -30. Suppose f*a + 315 = -0*a. Let l = -8 - a. What is the tens digit of l?
3
Let q = 11 + -8. Let h = -9 + q. Let p = h + 18. What is the units digit of p?
2
Suppose -4*h + s = 4*s, 10 = -2*h - 4*s. Let l = 6 - h. What is the units digit of (3/(-2) + l)*6?
9
Suppose 20*z = 4602 + 5258. What is the hundreds digit of z?
4
Let i(s) = -s**3 + 15*s**2 + 2*s - 43. What is the tens digit of i(10)?
7
Let l(a) = 6*a**2 + 3*a + 5. Suppose -i + 10 = i. Suppose -5*t + 30 = -i*x, -x + 8 = 4*t - 6. What is the tens digit of l(x)?
2
Let q be (-2 - -1)*(-4)/2. Suppose -4*b + p - 1 = 0, -q*b + b + 2*p = 2. Suppose b*z + 3*t = -2*z + 39, -2*t = -z + 16. What is the units digit of z?
8
Suppose -209*i = -225*i + 41840. What is the units digit of i?
5
What is the units digit of 1 + 455 + -2 - (-22 - -22)?
4
Suppose -53*b = -7504 - 4633. What is the hundreds digit of b?
2
Let z be 44 - (-2)/(-6)*3. Let h = -2 + z. What is the tens digit of h?
4
Suppose -24 = 2*h - 5*j, 2*h - 4*j = 4*h - 12. Let a(q) = -2*q**3 - 2*q**2 + 3*q + 2. Let m be a(h). Suppose -2*w - 134 = -m*w. What is the tens digit of w?
6
Let x(k) = 66*k + 94. What is the hundreds digit of x(25)?
7
Let c = 46 - 31. Let d = c + -10. Suppose d*f - 2*u = 126, -2*f - 3*u - 2*u = -33. What is the units digit of f?
4
Suppose 629 = 8*m - 115. Suppose 0 = -4*i + 5*f + m + 12, 2*f = -4*i + 98. What is the units digit of i?
5
Suppose 0 = 2*x - 170 - 658. What is the tens digit of x?
1
Let u = -4194 + 814. What is the units digit of (-2)/(-5) + u/(-50)?
8
Suppose -3*a - 4*k = -10057, 3*a - 6*k + 11*k = 10058. What is the units digit of a?
1
Let x = 8 + -5. Let g(h) = h + 3. Let b be g(x). Suppose -u + b*u - 57 = -4*s, -4*u = -3*s + 66. What is the units digit of s?
8
Let q(f) = -731*f**3 + 4*f**2 - f - 2. What is the tens digit of q(-1)?
3
Let t = -1570 - -4456. What is the tens digit of t?
8
Let z(b) = b**3 - 10*b**2 + 9*b + 8. What is the units digit of z(9)?
8
Let i(q) = 4*q + 246. What is the hundreds digit of i(36)?
3
Suppose z = -0*z + 5. Suppose -3*x = -z*x + 222. What is the tens digit of x?
1
Let j = 1008 - 451. What is the tens digit of j?
5
Let y(v) = 3*v - 7. Let h(b) = 6*b - 13. Let z(w) = -2*h(w) + 5*y(w). Let l be z(4). Suppose 3*q - 30 = -g + 21, -q = -l*g + 113. What is the units digit of g?
9
Let o(z) be the third derivative of z**5/30 - 5*z**4/24 - 5*z**3/3 + 39*z**2. What is the hundreds digit of o(11)?
1
Let p(i) = 134 - i**3 - 131 - 4*i**2 + 10*i - 5*i**2. Let h be p(-10). Suppose -h*y + 13 = -95. What is the units digit of y?
6
Let s(b) = -2*b**3 + b**2 - 3*b - 2. Let o be s(3). What is the tens digit of ((-3)/(-6) + -1)*o?
2
Suppose 3*t - 1777 = -5*k, 36*t = 31*t - k + 2991. What is the units digit of t?
9
Suppose 296*k - 1383 = 295*k. What is the hundreds digit of k?
3
Suppose 5*o - 2*a - 12047 = 14856, -3*a - 21528 = -4*o. What is the hundreds digit of o?
3
What is the units digit of (-4)/(-3) + 83191/69?
7
Let v be ((-8)/(-6))/(8/12). Suppose v*g - 9 = 3*x, x - 1 = -g - 9. Let k(s) = -9*s - 3. What is the units digit of k(g)?
4
Suppose 5*a + 0*m = -3*m + 140, -2*a = 2*m - 60. Suppose -2*y = 3*y - 140. Let x = y - a. What is the units digit of x?
3
Let o = 92 - 52. Let u be o/18 - 2/9. Suppose -3*y - u*q + 112 = 0, -q + 5*q = 2*y - 48. What is the tens digit of y?
3
Let k = -45 - -50. Suppose 0 = 3*o - 2*a + k*a - 144, -3*a - 68 = -o. What is the tens digit of o?
5
Suppose 2*l - 3*c + 95 = 2*c, 0 = 5*l - 3*c + 190. Let x = 50 + l. Suppose 0*o + x = o. What is the units digit of o?
5
Let j(h) = -h**3 + h - 18. Let p be j(0). Let d = p + 99. Suppose -3*y - d = -6*y. What is the tens digit of y?
2
Let v be (6 - (5 + -3)) + -2. Suppose 2*a - v = a. What is the units digit of a*(-12)/(-8)*1?
3
Let i = 1198 - -748. What is the units digit of i?
6
Suppose -s + 2 = -2, 2*f - s - 4 = 0. Let y(g) = 5*g**2 - g + 2. What is the tens digit of y(f)?
7
Let o be (153/(-6))/(1/(-2)). Let v = -35 + o. Suppose -v*b + 100 = -12*b. What is the tens digit of b?
2
Suppose 0 = 4*i + 3*j - 1084, 552 = -2*i + 4*i + 4*j. What is the units digit of i?
8
Let t(r) = -3*r**2 - 101*r + 1. Let c be t(-30). Let p = 519 - 271. Suppose -c = -5*g + 4*u, -3*u + 4*u - p = -4*g. What is the tens digit of g?
6
Suppose -2*u = -1213 + 507. What is the tens digit of u?
5
Suppose 0 = 5*m - 25, 5*c + 2*m - 60 = -2*m. What is the tens digit of 48/c*(-32)/(-6)?
3
Let j(l) = -l**3 + 39*l**2 - 6*l - 52. What is the tens digit of j(-8)?
0
What is the hundreds digit of 704/(-6)*-18*(-2)/(-16)?
2
Let n(r) = 2*r**2 + 6*r + 10. Suppose -6 = -35*m + 34*m. What is the tens digit of n(m)?
1
Let o(m) = m**3 - 5*m**2 - 19*m + 22. What is the tens digit of o(9)?
7
Let x(y) = 34*y + 157. What is the units digit of x(16)?
1
Let v(f) = -f**3 + 10*f**2 + 12*f - 9. Let q be v(11). Suppose 2*y + 4*r = 9*r + 21, -q*y = 3*r - 45. What is the units digit of y?
8
Suppose -3*o + 47 = -4*q, o = -4*q - 1 - 10. Suppose -o*f + 5*f = -4*w - 484, -w - f -